{"id":387,"date":"2024-07-01T17:28:44","date_gmt":"2024-07-01T21:28:44","guid":{"rendered":"https:\/\/steelblue-dotterel-416190.hostingersite.com\/?page_id=387"},"modified":"2025-09-30T15:42:01","modified_gmt":"2025-09-30T13:42:01","slug":"servicios","status":"publish","type":"page","link":"https:\/\/espaciovive.com\/index.php\/servicios\/","title":{"rendered":"SERVICIOS"},"content":{"rendered":"\t\t<div data-elementor-type=\"wp-page\" data-elementor-id=\"387\" class=\"elementor elementor-387\" data-elementor-post-type=\"page\">\n\t\t\t\t<div class=\"elementor-element elementor-element-0d91c09 e-flex e-con-boxed e-con e-parent\" data-id=\"0d91c09\" data-element_type=\"container\" data-settings=\"{&quot;background_background&quot;:&quot;classic&quot;}\">\n\t\t\t\t\t<div class=\"e-con-inner\">\n\t\t<div class=\"elementor-element elementor-element-068d51d e-con-full e-flex e-con e-child\" data-id=\"068d51d\" data-element_type=\"container\">\n\t\t\t\t<div class=\"elementor-element elementor-element-3771b1a elementor-widget elementor-widget-heading\" data-id=\"3771b1a\" data-element_type=\"widget\" data-widget_type=\"heading.default\">\n\t\t\t\t<div class=\"elementor-widget-container\">\n\t\t\t\t\t<h1 class=\"elementor-heading-title elementor-size-default\">Nuestros Servicios<\/h1>\t\t\t\t<\/div>\n\t\t\t\t<\/div>\n\t\t\t\t<\/div>\n\t\t\t\t\t<\/div>\n\t\t\t\t<\/div>\n\t\t<div class=\"elementor-element elementor-element-9a85bc1 e-flex e-con-boxed e-con e-parent\" data-id=\"9a85bc1\" data-element_type=\"container\">\n\t\t\t\t\t<div class=\"e-con-inner\">\n\t\t\t\t<div class=\"elementor-element elementor-element-5a7989f elementor-widget elementor-widget-text-editor\" data-id=\"5a7989f\" data-element_type=\"widget\" data-widget_type=\"text-editor.default\">\n\t\t\t\t<div class=\"elementor-widget-container\">\n\t\t\t\t\t\t\t\t\t<p>\u00a0<\/p><p>En <strong>EspacioVive<\/strong> transformamos espacios y generamos confianza a trav\u00e9s de tres pilares estrat\u00e9gicos:<\/p><ul><li data-start=\"329\" data-end=\"633\"><p><strong data-start=\"329\" data-end=\"358\">Alquiler de Habitaciones:<\/strong> gestionamos viviendas y habitaciones equipadas para ofrecer a los inquilinos un entorno c\u00f3modo, seguro y bien cuidado. Apostamos por un modelo flexible y adaptado a las nuevas formas de habitar, asegurando a los propietarios rentabilidad constante y tranquilidad absoluta.<\/p><\/li><li data-start=\"635\" data-end=\"895\"><p><strong data-start=\"635\" data-end=\"665\">Reformas y Revalorizaci\u00f3n:<\/strong> realizamos mejoras y proyectos de renovaci\u00f3n que aumentan el valor de cada inmueble. Nuestras reformas inteligentes no solo modernizan las propiedades, tambi\u00e9n las hacen m\u00e1s atractivas y competitivas en el mercado inmobiliario.<\/p><\/li><li data-start=\"897\" data-end=\"1157\"><p><strong data-start=\"897\" data-end=\"931\">Gesti\u00f3n Inmobiliaria Integral:<\/strong> acompa\u00f1amos a los propietarios en todo el ciclo de arrendamiento, desde la selecci\u00f3n de inquilinos hasta la administraci\u00f3n de contratos y pagos. Garantizamos ingresos seguros y protegemos cada vivienda como si fuera propia.<\/p><\/li><\/ul><p>En <strong data-start=\"1162\" data-end=\"1177\">EspacioVive<\/strong> unimos experiencia, innovaci\u00f3n y compromiso para ofrecer soluciones inmobiliarias completas, que beneficien tanto a propietarios como a inquilinos. Nuestro enfoque est\u00e1 orientado a crear relaciones basadas en la confianza y a transformar cada vivienda en un espacio lleno de vida y valor.<\/p>\t\t\t\t\t\t\t\t<\/div>\n\t\t\t\t<\/div>\n\t\t\t\t\t<\/div>\n\t\t\t\t<\/div>\n\t\t<div class=\"elementor-element elementor-element-d9a60a8 e-flex e-con-boxed e-con e-parent\" data-id=\"d9a60a8\" data-element_type=\"container\">\n\t\t\t\t\t<div class=\"e-con-inner\">\n\t\t<div class=\"elementor-element elementor-element-4751d35 e-con-full e-flex e-con e-child\" data-id=\"4751d35\" data-element_type=\"container\">\n\t\t\t\t<div class=\"elementor-element elementor-element-76b441d elementor-widget elementor-widget-heading\" data-id=\"76b441d\" data-element_type=\"widget\" data-widget_type=\"heading.default\">\n\t\t\t\t<div class=\"elementor-widget-container\">\n\t\t\t\t\t<h1 class=\"elementor-heading-title elementor-size-default\">Algunas Fotograf\u00edas<\/h1>\t\t\t\t<\/div>\n\t\t\t\t<\/div>\n\t\t\t\t<\/div>\n\t\t\t\t<div class=\"elementor-element elementor-element-420ddee elementor-widget elementor-widget-gallery\" data-id=\"420ddee\" data-element_type=\"widget\" data-settings=\"{&quot;gallery_layout&quot;:&quot;masonry&quot;,&quot;columns&quot;:3,&quot;gap&quot;:{&quot;unit&quot;:&quot;px&quot;,&quot;size&quot;:20,&quot;sizes&quot;:[]},&quot;lazyload&quot;:&quot;yes&quot;,&quot;columns_tablet&quot;:2,&quot;columns_mobile&quot;:1,&quot;gap_tablet&quot;:{&quot;unit&quot;:&quot;px&quot;,&quot;size&quot;:10,&quot;sizes&quot;:[]},&quot;gap_mobile&quot;:{&quot;unit&quot;:&quot;px&quot;,&quot;size&quot;:10,&quot;sizes&quot;:[]},&quot;link_to&quot;:&quot;file&quot;,&quot;overlay_background&quot;:&quot;yes&quot;,&quot;content_hover_animation&quot;:&quot;fade-in&quot;}\" data-widget_type=\"gallery.default\">\n\t\t\t\t<div class=\"elementor-widget-container\">\n\t\t\t\t\t\t\t<div class=\"elementor-gallery__container\">\n\t\t\t\t\t\t\t<a class=\"e-gallery-item elementor-gallery-item elementor-animated-content\" href=\"https:\/\/espaciovive.com\/wp-content\/uploads\/2025\/08\/Sin-t-25-0006.png\" data-elementor-open-lightbox=\"yes\" data-elementor-lightbox-slideshow=\"420ddee\" data-elementor-lightbox-title=\"Sin-t-25-0006\" data-e-action-hash=\"#elementor-action%3Aaction%3Dlightbox%26settings%3DeyJpZCI6MjM4OSwidXJsIjoiaHR0cHM6XC9cL2VzcGFjaW92aXZlLmNvbVwvd3AtY29udGVudFwvdXBsb2Fkc1wvMjAyNVwvMDhcL1Npbi10LTI1LTAwMDYucG5nIiwic2xpZGVzaG93IjoiNDIwZGRlZSJ9\">\n\t\t\t\t\t<div class=\"e-gallery-image elementor-gallery-item__image\" data-thumbnail=\"https:\/\/espaciovive.com\/wp-content\/uploads\/2025\/08\/Sin-t-25-0006-300x225.png\" data-width=\"300\" data-height=\"225\" aria-label=\"\" role=\"img\" ><\/div>\n\t\t\t\t\t\t\t\t\t\t\t<div class=\"elementor-gallery-item__overlay\"><\/div>\n\t\t\t\t\t\t\t\t\t\t\t\t\t\t<\/a>\n\t\t\t\t\t\t\t<a class=\"e-gallery-item elementor-gallery-item elementor-animated-content\" href=\"https:\/\/espaciovive.com\/wp-content\/uploads\/2025\/08\/Sin-t-25-0005.png\" data-elementor-open-lightbox=\"yes\" data-elementor-lightbox-slideshow=\"420ddee\" data-elementor-lightbox-title=\"Sin-t-25-0005\" data-e-action-hash=\"#elementor-action%3Aaction%3Dlightbox%26settings%3DeyJpZCI6MjM4OCwidXJsIjoiaHR0cHM6XC9cL2VzcGFjaW92aXZlLmNvbVwvd3AtY29udGVudFwvdXBsb2Fkc1wvMjAyNVwvMDhcL1Npbi10LTI1LTAwMDUucG5nIiwic2xpZGVzaG93IjoiNDIwZGRlZSJ9\">\n\t\t\t\t\t<div class=\"e-gallery-image elementor-gallery-item__image\" data-thumbnail=\"https:\/\/espaciovive.com\/wp-content\/uploads\/2025\/08\/Sin-t-25-0005-300x225.png\" data-width=\"300\" data-height=\"225\" aria-label=\"\" role=\"img\" ><\/div>\n\t\t\t\t\t\t\t\t\t\t\t<div class=\"elementor-gallery-item__overlay\"><\/div>\n\t\t\t\t\t\t\t\t\t\t\t\t\t\t<\/a>\n\t\t\t\t\t\t\t<a class=\"e-gallery-item elementor-gallery-item elementor-animated-content\" href=\"https:\/\/espaciovive.com\/wp-content\/uploads\/2025\/08\/Sin-t-25-0002.png\" data-elementor-open-lightbox=\"yes\" data-elementor-lightbox-slideshow=\"420ddee\" data-elementor-lightbox-title=\"Sin-t-25-0002\" data-e-action-hash=\"#elementor-action%3Aaction%3Dlightbox%26settings%3DeyJpZCI6MjM4NSwidXJsIjoiaHR0cHM6XC9cL2VzcGFjaW92aXZlLmNvbVwvd3AtY29udGVudFwvdXBsb2Fkc1wvMjAyNVwvMDhcL1Npbi10LTI1LTAwMDIucG5nIiwic2xpZGVzaG93IjoiNDIwZGRlZSJ9\">\n\t\t\t\t\t<div class=\"e-gallery-image elementor-gallery-item__image\" data-thumbnail=\"https:\/\/espaciovive.com\/wp-content\/uploads\/2025\/08\/Sin-t-25-0002-300x225.png\" data-width=\"300\" data-height=\"225\" aria-label=\"\" role=\"img\" ><\/div>\n\t\t\t\t\t\t\t\t\t\t\t<div class=\"elementor-gallery-item__overlay\"><\/div>\n\t\t\t\t\t\t\t\t\t\t\t\t\t\t<\/a>\n\t\t\t\t\t\t\t<a class=\"e-gallery-item elementor-gallery-item elementor-animated-content\" href=\"https:\/\/espaciovive.com\/wp-content\/uploads\/2025\/08\/Sin-t-25-0001.png\" data-elementor-open-lightbox=\"yes\" data-elementor-lightbox-slideshow=\"420ddee\" data-elementor-lightbox-title=\"Sin-t-25-0001\" data-e-action-hash=\"#elementor-action%3Aaction%3Dlightbox%26settings%3DeyJpZCI6MjM4NCwidXJsIjoiaHR0cHM6XC9cL2VzcGFjaW92aXZlLmNvbVwvd3AtY29udGVudFwvdXBsb2Fkc1wvMjAyNVwvMDhcL1Npbi10LTI1LTAwMDEucG5nIiwic2xpZGVzaG93IjoiNDIwZGRlZSJ9\">\n\t\t\t\t\t<div class=\"e-gallery-image elementor-gallery-item__image\" data-thumbnail=\"https:\/\/espaciovive.com\/wp-content\/uploads\/2025\/08\/Sin-t-25-0001-300x225.png\" data-width=\"300\" data-height=\"225\" aria-label=\"\" role=\"img\" ><\/div>\n\t\t\t\t\t\t\t\t\t\t\t<div class=\"elementor-gallery-item__overlay\"><\/div>\n\t\t\t\t\t\t\t\t\t\t\t\t\t\t<\/a>\n\t\t\t\t\t\t\t<a class=\"e-gallery-item elementor-gallery-item elementor-animated-content\" href=\"https:\/\/espaciovive.com\/wp-content\/uploads\/2025\/09\/Sin-titulo-2-023.png\" data-elementor-open-lightbox=\"yes\" data-elementor-lightbox-slideshow=\"420ddee\" data-elementor-lightbox-title=\"Sin-t\u00edtulo-2-023\" data-e-action-hash=\"#elementor-action%3Aaction%3Dlightbox%26settings%3DeyJpZCI6MjY1MywidXJsIjoiaHR0cHM6XC9cL2VzcGFjaW92aXZlLmNvbVwvd3AtY29udGVudFwvdXBsb2Fkc1wvMjAyNVwvMDlcL1Npbi10aXR1bG8tMi0wMjMucG5nIiwic2xpZGVzaG93IjoiNDIwZGRlZSJ9\">\n\t\t\t\t\t<div class=\"e-gallery-image elementor-gallery-item__image\" data-thumbnail=\"https:\/\/espaciovive.com\/wp-content\/uploads\/2025\/09\/Sin-titulo-2-023-300x225.png\" data-width=\"300\" data-height=\"225\" aria-label=\"\" role=\"img\" ><\/div>\n\t\t\t\t\t\t\t\t\t\t\t<div class=\"elementor-gallery-item__overlay\"><\/div>\n\t\t\t\t\t\t\t\t\t\t\t\t\t\t<\/a>\n\t\t\t\t\t\t\t<a class=\"e-gallery-item elementor-gallery-item elementor-animated-content\" href=\"https:\/\/espaciovive.com\/wp-content\/uploads\/2025\/09\/Sin-titulo-2-026.png\" data-elementor-open-lightbox=\"yes\" data-elementor-lightbox-slideshow=\"420ddee\" data-elementor-lightbox-title=\"Sin-t\u00edtulo-2-026\" data-e-action-hash=\"#elementor-action%3Aaction%3Dlightbox%26settings%3DeyJpZCI6MjY1MiwidXJsIjoiaHR0cHM6XC9cL2VzcGFjaW92aXZlLmNvbVwvd3AtY29udGVudFwvdXBsb2Fkc1wvMjAyNVwvMDlcL1Npbi10aXR1bG8tMi0wMjYucG5nIiwic2xpZGVzaG93IjoiNDIwZGRlZSJ9\">\n\t\t\t\t\t<div class=\"e-gallery-image elementor-gallery-item__image\" data-thumbnail=\"https:\/\/espaciovive.com\/wp-content\/uploads\/2025\/09\/Sin-titulo-2-026-300x225.png\" data-width=\"300\" data-height=\"225\" aria-label=\"\" role=\"img\" ><\/div>\n\t\t\t\t\t\t\t\t\t\t\t<div class=\"elementor-gallery-item__overlay\"><\/div>\n\t\t\t\t\t\t\t\t\t\t\t\t\t\t<\/a>\n\t\t\t\t\t<\/div>\n\t\t\t\t\t<\/div>\n\t\t\t\t<\/div>\n\t\t\t\t<div class=\"elementor-element elementor-element-f0abe38 elementor-widget elementor-widget-gallery\" data-id=\"f0abe38\" data-element_type=\"widget\" data-settings=\"{&quot;gallery_layout&quot;:&quot;masonry&quot;,&quot;gap&quot;:{&quot;unit&quot;:&quot;px&quot;,&quot;size&quot;:20,&quot;sizes&quot;:[]},&quot;columns&quot;:3,&quot;columns_tablet&quot;:2,&quot;columns_mobile&quot;:1,&quot;gap_tablet&quot;:{&quot;unit&quot;:&quot;px&quot;,&quot;size&quot;:10,&quot;sizes&quot;:[]},&quot;gap_mobile&quot;:{&quot;unit&quot;:&quot;px&quot;,&quot;size&quot;:10,&quot;sizes&quot;:[]},&quot;link_to&quot;:&quot;file&quot;,&quot;overlay_background&quot;:&quot;yes&quot;,&quot;content_hover_animation&quot;:&quot;fade-in&quot;}\" data-widget_type=\"gallery.default\">\n\t\t\t\t<div class=\"elementor-widget-container\">\n\t\t\t\t\t\t\t<div class=\"elementor-gallery__container\">\n\t\t\t\t\t<\/div>\n\t\t\t\t\t<\/div>\n\t\t\t\t<\/div>\n\t\t\t\t\t<\/div>\n\t\t\t\t<\/div>\n\t\t<div class=\"elementor-element elementor-element-c64a1e6 e-flex e-con-boxed e-con e-parent\" data-id=\"c64a1e6\" data-element_type=\"container\">\n\t\t\t\t\t<div class=\"e-con-inner\">\n\t\t\t\t<div class=\"elementor-element elementor-element-d91d05e elementor-widget elementor-widget-html\" data-id=\"d91d05e\" data-element_type=\"widget\" data-widget_type=\"html.default\">\n\t\t\t\t<div class=\"elementor-widget-container\">\n\t\t\t\t\t<iframe src=\"https:\/\/www.google.com\/maps\/embed?pb=!1m18!1m12!1m3!1d2919.0778773968213!2d-3.716304724132446!3d40.41461957144003!2m3!1f0!2f0!3f0!3m2!1i1024!2i768!4f13.1!3m3!1m2!1s0xd4228779bb0ac77%3A0xe88eb766fcde18b3!2sC.%20de%20Bail%C3%A9n%2C%2012%2C%20Centro%2C%2028005%20Madrid!5e1!3m2!1ses-419!2ses!4v1759233138465!5m2!1ses-419!2ses\" width=\"600\" height=\"450\" style=\"border:0;\" allowfullscreen=\"\" loading=\"lazy\" referrerpolicy=\"no-referrer-when-downgrade\"><\/iframe>\t\t\t\t<\/div>\n\t\t\t\t<\/div>\n\t\t\t\t\t<\/div>\n\t\t\t\t<\/div>\n\t\t<div class=\"elementor-element elementor-element-546feaf e-grid e-con-full elementor-hidden-mobile e-con e-parent\" data-id=\"546feaf\" data-element_type=\"container\">\n\t\t\t\t<div class=\"elementor-element elementor-element-00c357c elementor-widget elementor-widget-image\" data-id=\"00c357c\" data-element_type=\"widget\" data-widget_type=\"image.default\">\n\t\t\t\t<div class=\"elementor-widget-container\">\n\t\t\t\t\t\t\t\t\t\t\t\t\t\t\t<img fetchpriority=\"high\" decoding=\"async\" width=\"360\" height=\"603\" src=\"https:\/\/espaciovive.com\/wp-content\/uploads\/2025\/09\/cut_1.png\" class=\"attachment-large size-large wp-image-2635\" alt=\"\" srcset=\"https:\/\/espaciovive.com\/wp-content\/uploads\/2025\/09\/cut_1.png 360w, https:\/\/espaciovive.com\/wp-content\/uploads\/2025\/09\/cut_1-179x300.png 179w\" sizes=\"(max-width: 360px) 100vw, 360px\" \/>\t\t\t\t\t\t\t\t\t\t\t\t\t\t\t<\/div>\n\t\t\t\t<\/div>\n\t\t\t\t<div class=\"elementor-element elementor-element-42bdbc2 elementor-widget elementor-widget-image\" data-id=\"42bdbc2\" data-element_type=\"widget\" data-widget_type=\"image.default\">\n\t\t\t\t<div class=\"elementor-widget-container\">\n\t\t\t\t\t\t\t\t\t\t\t\t\t\t\t<img decoding=\"async\" width=\"360\" height=\"603\" src=\"https:\/\/espaciovive.com\/wp-content\/uploads\/2025\/09\/cut_2.png\" class=\"attachment-large size-large wp-image-2636\" alt=\"\" srcset=\"https:\/\/espaciovive.com\/wp-content\/uploads\/2025\/09\/cut_2.png 360w, https:\/\/espaciovive.com\/wp-content\/uploads\/2025\/09\/cut_2-179x300.png 179w\" sizes=\"(max-width: 360px) 100vw, 360px\" \/>\t\t\t\t\t\t\t\t\t\t\t\t\t\t\t<\/div>\n\t\t\t\t<\/div>\n\t\t\t\t<div class=\"elementor-element elementor-element-1b63fcb elementor-widget elementor-widget-image\" data-id=\"1b63fcb\" data-element_type=\"widget\" data-widget_type=\"image.default\">\n\t\t\t\t<div class=\"elementor-widget-container\">\n\t\t\t\t\t\t\t\t\t\t\t\t\t\t\t<img decoding=\"async\" width=\"360\" height=\"603\" src=\"https:\/\/espaciovive.com\/wp-content\/uploads\/2025\/09\/cut_3.png\" class=\"attachment-large size-large wp-image-2637\" alt=\"\" srcset=\"https:\/\/espaciovive.com\/wp-content\/uploads\/2025\/09\/cut_3.png 360w, https:\/\/espaciovive.com\/wp-content\/uploads\/2025\/09\/cut_3-179x300.png 179w\" sizes=\"(max-width: 360px) 100vw, 360px\" \/>\t\t\t\t\t\t\t\t\t\t\t\t\t\t\t<\/div>\n\t\t\t\t<\/div>\n\t\t\t\t<div class=\"elementor-element elementor-element-cf38932 elementor-widget elementor-widget-image\" data-id=\"cf38932\" data-element_type=\"widget\" data-widget_type=\"image.default\">\n\t\t\t\t<div class=\"elementor-widget-container\">\n\t\t\t\t\t\t\t\t\t\t\t\t\t\t\t<img loading=\"lazy\" decoding=\"async\" width=\"360\" height=\"603\" src=\"https:\/\/espaciovive.com\/wp-content\/uploads\/2025\/09\/cut_4.png\" class=\"attachment-large size-large wp-image-2638\" alt=\"\" srcset=\"https:\/\/espaciovive.com\/wp-content\/uploads\/2025\/09\/cut_4.png 360w, https:\/\/espaciovive.com\/wp-content\/uploads\/2025\/09\/cut_4-179x300.png 179w\" sizes=\"(max-width: 360px) 100vw, 360px\" \/>\t\t\t\t\t\t\t\t\t\t\t\t\t\t\t<\/div>\n\t\t\t\t<\/div>\n\t\t\t\t<div class=\"elementor-element elementor-element-8494fea elementor-widget elementor-widget-image\" data-id=\"8494fea\" data-element_type=\"widget\" data-widget_type=\"image.default\">\n\t\t\t\t<div class=\"elementor-widget-container\">\n\t\t\t\t\t\t\t\t\t\t\t\t\t\t\t<img loading=\"lazy\" decoding=\"async\" width=\"360\" height=\"603\" src=\"https:\/\/espaciovive.com\/wp-content\/uploads\/2025\/09\/cut_5.png\" class=\"attachment-large size-large wp-image-2639\" alt=\"\" srcset=\"https:\/\/espaciovive.com\/wp-content\/uploads\/2025\/09\/cut_5.png 360w, https:\/\/espaciovive.com\/wp-content\/uploads\/2025\/09\/cut_5-179x300.png 179w\" sizes=\"(max-width: 360px) 100vw, 360px\" \/>\t\t\t\t\t\t\t\t\t\t\t\t\t\t\t<\/div>\n\t\t\t\t<\/div>\n\t\t\t\t<\/div>\n\t\t\t\t<\/div>\n\t\t","protected":false},"excerpt":{"rendered":"<p>Nuestros Servicios \u00a0 En EspacioVive transformamos espacios y generamos confianza a trav\u00e9s de tres pilares estrat\u00e9gicos: Alquiler de Habitaciones: gestionamos viviendas y habitaciones equipadas para ofrecer a los inquilinos un entorno c\u00f3modo, seguro y bien cuidado. Apostamos por un modelo flexible y adaptado a las nuevas formas de habitar, asegurando a los propietarios rentabilidad constante [&hellip;]<\/p>\n","protected":false},"author":2,"featured_media":0,"parent":0,"menu_order":0,"comment_status":"closed","ping_status":"closed","template":"","meta":{"_joinchat":[],"footnotes":""},"class_list":["post-387","page","type-page","status-publish","hentry"],"_links":{"self":[{"href":"https:\/\/espaciovive.com\/index.php\/wp-json\/wp\/v2\/pages\/387","targetHints":{"allow":["GET"]}}],"collection":[{"href":"https:\/\/espaciovive.com\/index.php\/wp-json\/wp\/v2\/pages"}],"about":[{"href":"https:\/\/espaciovive.com\/index.php\/wp-json\/wp\/v2\/types\/page"}],"author":[{"embeddable":true,"href":"https:\/\/espaciovive.com\/index.php\/wp-json\/wp\/v2\/users\/2"}],"replies":[{"embeddable":true,"href":"https:\/\/espaciovive.com\/index.php\/wp-json\/wp\/v2\/comments?post=387"}],"version-history":[{"count":177,"href":"https:\/\/espaciovive.com\/index.php\/wp-json\/wp\/v2\/pages\/387\/revisions"}],"predecessor-version":[{"id":2656,"href":"https:\/\/espaciovive.com\/index.php\/wp-json\/wp\/v2\/pages\/387\/revisions\/2656"}],"wp:attachment":[{"href":"https:\/\/espaciovive.com\/index.php\/wp-json\/wp\/v2\/media?parent=387"}],"curies":[{"name":"wp","href":"https:\/\/api.w.org\/{rel}","templated":true}]}}